 234604 is divided by 78091.
331
What is the remainder when 16786611 is divided by 9399?
9396
What is the remainder when 19348 is divided by 1462?
342
What is the remainder when 176507 is divided by 25155?
422
Calculate the remainder when 67095942 is divided by 156.
30
Calculate the remainder when 3546325 is divided by 506574.
307
What is the remainder when 59120066 is divided by 295?
1
Calculate the remainder when 1959084 is divided by 37674.
36
What is the remainder when 322123 is divided by 105704?
5011
Calculate the remainder when 27613781 is divided by 3068195.
26
Calculate the remainder when 1468053 is divided by 998.
993
What is the remainder when 3806517 is divided by 9?
3
What is the remainder when 141339 is divided by 34706?
2515
Calculate the remainder when 513495 is divided by 128333.
163
Calculate the remainder when 137226 is divided by 45728.
42
Calculate the remainder when 226467 is divided by 5259.
330
What is the remainder when 331572 is divided by 269?
164
Calculate the remainder when 19557251 is divided by 93.
2
What is the remainder when 212405 is divided by 6637?
21
What is the remainder when 561248 is divided by 346?
36
What is the remainder when 112880 is divided by 21873?
3515
What is the remainder when 30635 is divided by 9645?
1700
What is the remainder when 174731 is divided by 993?
956
What is the remainder when 5119297 is divided by 45?
7
Calculate the remainder when 466916 is divided by 733.
728
Calculate the remainder when 317603 is divided by 12.
11
What is the remainder when 51175618 is divided by 4721?
4699
Calculate the remainder when 8589446 is divided by 13.
8
Calculate the remainder when 55990308 is divided by 479.
477
What is the remainder when 2033353 is divided by 1116?
1
What is the remainder when 1092190 is divided by 64244?
42
Calculate the remainder when 421345 is divided by 7522.
113
Calculate the remainder when 245652 is divided by 14450.
2
Calculate the remainder when 4100031234 is divided by 37.
36
Calculate the remainder when 167775815 is divided by 38.
1
Calculate the remainder when 3606691 is divided by 5440.
5411
Calculate the remainder when 1496012 is divided by 432.
428
What is the remainder when 1975397 is divided by 7742?
1187
Calculate the remainder when 36403 is divided by 1171.
102
Calculate the remainder when 13232823 is divided by 513.
501
What is the remainder when 26542495 is divided by 300?
295
What is the remainder when 8361480 is divided by 758?
740
Calculate the remainder when 419219 is divided by 1530.
1529
Calculate the remainder when 1026381831 is divided by 392.
391
What is the remainder when 54395 is divided by 419?
344
What is the remainder when 27892 is divided by 2903?
1765
Calculate the remainder when 16739752 is divided by 498.
478
What is the remainder when 868529 is divided by 8041?
101
Calculate the remainder when 11554022 is divided by 1925670.
2
What is the remainder when 22829909 is divided by 12489?
17
Calculate the remainder when 9948 is divided by 677.
470
Calculate the remainder when 2448806286 is divided by 3661.
3657
Calculate the remainder when 1330767 is divided by 443557.
96
What is the remainder when 13887 is divided by 13035?
852
What is the remainder when 14350669 is divided by 1195885?
49
What is the remainder when 824695 is divided by 1494?
7
What is the remainder when 81134 is divided by 1998?
1214
What is the remainder when 1010163118 is divided by 1615?
1613
Calculate the remainder when 2447935 is divided by 1287.
61
Calculate the remainder when 2856580 is divided by 333.
106
What is the remainder when 232435878 is divided by 865?
863
Calculate the remainder when 18107251 is divided by 817.
80
What is the remainder when 4022231 is divided by 111?
35
What is the remainder when 1354487 is divided by 2?
1
What is the remainder when 65486 is divided by 1604?
1326
What is the remainder when 706429 is divided by 47084?
169
Calculate the remainder when 328972 is divided by 3665.
2787
What is the remainder when 24512710 is divided by 6128177?
2
Calculate the remainder when 8210512 is divided by 671.
156
What is the remainder when 887293 is divided by 9439?
27
Calculate the remainder when 103236 is divided by 1007.
522
Calculate the remainder when 5713274 is divided by 151.
38
Calculate the remainder when 342076 is divided by 684.
76
What is the remainder when 33862 is divided by 33356?
506
Calculate the remainder when 21996 is divided by 10875.
246
Calculate the remainder when 580535 is divided by 82933.
4
What is the remainder when 1147361 is divided by 609?
5
Calculate the remainder when 8243958 is divided by 949.
944
Calculate the remainder when 755967 is divided by 2495.
2477
Calculate the remainder when 987852 is divided by 39512.
52
Calculate the remainder when 1342871 is divided by 168.
47
Calculate the remainder when 643848 is divided by 40227.
216
What is the remainder when 161213 is divided by 6254?
4863
Calculate the remainder when 7114376 is divided by 2371457.
5
What is the remainder when 27267618 is divided by 24152?
10
What is the remainder when 843538 is divided by 565?
558
Calculate the remainder when 25909498 is divided by 959610.
28
Calculate the remainder when 121326228 is divided by 1002696.
12
Calculate the remainder when 14931 is divided by 3271.
1847
What is the remainder when 5367787 is divided by 189?
187
Calculate the remainder when 1498832 is divided by 75.
32
What is the remainder when 107619208 is divided by 277?
276
Calculate the remainder when 1371932 is divided by 97994.
16
Calculate the remainder when 45072657 is divided by 6.
3
What is the remainder when 3103764 is divided by 1711?
10
What is the remainder when 451840 is divided by 233?
53
What is the remainder when 9910 is divided by 6791?
3119
What is the remainder when 14463814 is divided by 8?
6
What is the remainder when 4729395 is divided by 136?
131
Calculate the remainder when 221143 is divided by 844.
15
What is the remainder when 1766669 is divided by 3?
2
What is the remainder when 21745 is divided by 4050?
1495
What is the remainder when 10536 is divided by 1557?
1194
What is the remainder when 183354 is divided by 7615?
594
Calculate the remainder when 21293594 is divided by 15188.
18
Calculate the remainder when 30646360 is divided by 686.
682
What is the remainder when 102705 is divided by 1012?
493
Calculate the remainder when 260196 is divided by 547.
371
What is the remainder when 4981922 is divided by 1245463?
70
Calculate the remainder when 55129152 is divided by 13036.
12944
Calculate the remainder when 1478873 is divided by 187.
77
What is the remainder when 79208 is divided by 3298?
56
What is the remainder when 13443 is divided by 125?
68
Calculate the remainder when 233366 is divided by 58276.
262
Calculate the remainder when 9296904 is divided by 15469.
35
What is the remainder when 165430 is divided by 82671?
88
What is the remainder when 137516479 is divided by 27?
25
Calculate the remainder when 186095 is divided by 16819.
1086
Calculate the remainder when 26341 is divided by 8744.
109
Calculate the remainder when 98741707 is divided by 3889.
3886
What is the remainder when 13853160 is divided by 221?
217
Calculate the remainder when 3967637 is divided by 1345.
1232
Calculate the remainder when 12599179 is divided by 10.
9
Calculate the remainder when 854037 is divided by 284282.
1191
What is the remainder when 20601597 is divided by 2784?
2781
Calculate the remainder when 7513756 is divided by 2504585.
1
Calculate the remainder when 7497110 is divided by 37114.
82
What is the remainder when 77799157 is divided by 732?
1
Calculate the remainder when 24356373 is divided by 99.
96
What is the remainder when 199028 is divided by 405?
173
Calculate the remainder when 2362733 is divided by 57.
26
What is the remainder when 58660 is divided by 28574?
1512
Calculate the remainder when 177554 is divided by 11093.
66
Calculate the remainder when 3084518 is divided by 20.
18
What is the remainder when 8260838 is divided by 4130412?
14
What is the remainder when 1586840381 is divided by 272?
269
Calculate the remainder when 2870373 is divided by 124.
21
What is the remainder when 19826913 is divided by 5938?
5869
What is the remainder when 24768